.
10
Let g(f) = f**2 + 4*f - 1. Let q = -3 + 5. Suppose -q*w = -9 + 13. Determine g(w).
-5
Let p be 2/3 + (-2)/(-6). Let v(l) = -2*l**2 - l + 4. Let a(d) = 1. Let i(b) = 3*a(b) - v(b). Determine i(p).
2
Let o(y) = -21*y**3 + y**2 - y. Let x(g) = -g**3 - 12*g**2 + 15*g + 27. Let k be x(-13). Give o(k).
-21
Let t = -52 + 51. Let v(s) be the third derivative of -s**6/24 - s**5/30 + s**3/6 + s**2. What is v(t)?
4
Let u = 17 + -16. Let w(p) = -4*p**2 - p + 1. What is w(u)?
-4
Let j(v) = -5*v + 2. Suppose y + 4*u - 13 = -0*u, 3*y - 3*u - 9 = 0. Determine j(y).
-23
Let o(j) = j**3 + 6*j**2 + 5*j - 4. Let r be o(-5). Let h(q) = q**3 + 4*q**2 + q - 4. What is h(r)?
-8
Let c(u) = 9*u + 4. Let j(z) = -1 + 2 + 10*z + 2. Let a(b) = 3*c(b) - 4*j(b). Let w(h) = -6*h. Let p(o) = -3*a(o) + 5*w(o). What is p(1)?
9
Suppose 2*i - 3*i - 2*x = -3, 15 = 5*i + 3*x. Let r(n) = -4*n**3 + 5*n**2 - n - 6. Let w(b) = -5*b**3 + 5*b**2 - 2*b - 7. Let p(s) = i*w(s) - 4*r(s). Give p(5).
-7
Let z(g) = g**3 + 4*g**2 - g. Let d(v) = v**2. Let r(y) = 3*d(y) - z(y). Determine r(0).
0
Let q(a) = -a + 1. Let p(y) = -3 + 3 + 2 + 0*y + 3*y. Let h(o) = -p(o) + q(o). Let g be 2/(-8) - 3/4. Give h(g).
3
Let m(j) = -1 + 3*j + 2 - 2. Calculate m(3).
8
Suppose 4*t - 12 = 2*p - 0*p, 0 = -3*p - t + 10. Let x(v) = -7*v**2 + p*v + v - 2*v**3 + 9*v**2 - 2. Determine x(2).
-4
Let p(m) be the third derivative of 0 - 1/3*m**3 + m**2 + 0*m**4 + 1/60*m**5 + 0*m. Give p(0).
-2
Suppose 0 = 2*b + 10, 3*v - 2*b + 5 - 60 = 0. Suppose -5*q - v = -0*q. Let h(n) = -5*n + 5. Let l(g) = -4*g + 4. Let f(d) = 2*h(d) - 3*l(d). Determine f(q).
-8
Suppose 7*j - 3*j = 0. Suppose -3*l = 9 - j. Let u(n) = 2*n - 2. Calculate u(l).
-8
Let z(k) = 34 + k - 8 - 17. What is z(-7)?
2
Let w(z) = z**2 + 3*z - 1. Let n(t) = -t**2 + 6*t + 3. Let p be n(6). Let h be 1/5 - 95/(-25). Suppose h*y + p*c - 1 = -12, -3*c - 7 = 2*y. Calculate w(y).
-3
Let w(m) be the second derivative of m**3/6 + 7*m**2/2 - m. Let h(k) = 2*k**2 + 35*k - 24. Let o be h(-18). Determine w(o).
1
Let t(p) = -p**2 - 5*p + 9. Let z be t(-6). Let b(y) = 0*y - 2*y + 1 + z*y + 2*y. Give b(-5).
-14
Suppose -12 = -0*w - 2*w. Let u(t) = 2 + 109*t - 108*t + 0. Calculate u(w).
8
Let u(r) = 3*r**2 - 4*r**2 + 3 - 5*r + 0*r**2. Calculate u(-6).
-3
Let l(t) be the third derivative of -7*t**6/120 - t**5/60 + t**4/24 + t**3/6 - 18*t**2. Determine l(-1).
6
Let g(p) = 6*p - 2 + 3 + p**2 - 5. Let t(n) = 6*n**2 + 30*n - 19. Suppose -4*h + 4*a = 0, 5*a = -4*h + 8*a + 2. Let d(u) = h*t(u) - 11*g(u). Give d(5).
1
Suppose 4*j + 4*f + 32 = 0, -2*j - 10 = 3*f + 10. Let s(z) = -z**3 - 3*z**2 + 4*z + 6. Give s(j).
6
Let y(g) = 2*g**3 + g**3 + 6*g + 5*g**2 + 1 - 4*g**3. Let l = -282 - -201. Let c be (-8)/(-6)*l/(-18). Give y(c).
1
Let d(n) = 1 + 3*n**2 + 3*n - 2*n**3 + 2*n**3 + n**3 + n**2. Let r be d(-3). Let u(y) = 14*y - 1. Give u(r).
13
Let z(l) = l + 2. Let u be 18/(-36) + (-11)/2. What is z(u)?
-4
Let l(x) be the second derivative of -3*x**4/8 - x**3/6 - 2*x**2 - 2*x. Let v(h) be the first derivative of l(h). Determine v(-1).
8
Let h(g) = -g**3 - 4*g**2 + 5*g + 7. Suppose -3*b - 10 = z, -3*b - 4*z + 2 = -3. Give h(b).
7
Suppose 0 = -z + 2 + 1. Let d be (-5 - -1)/(z - 2). Let f(s) = s**2 + 5*s - 2. Calculate f(d).
-6
Let m(q) = -q**2 + 2*q + 5. Suppose k - 1 + 12 = 3*z, 2*z = -4*k - 16. Suppose z*i = 4*i. Suppose -3*f = 5*g - i*g - 23, 0 = -g + 4*f. Calculate m(g).
-3
Let t(n) = -2*n**2 + n + 11. Let j(f) = -f**2 + 5. Let b(k) = -13*j(k) + 6*t(k). Determine b(-4).
-7
Let t(x) = x + 4. Let o be 22/(-11) - 2/4*6. Determine t(o).
-1
Suppose 3*f - 3 + 0 = 0. Let p(z) be the first derivative of -z**4/4 + z**3/3 - z**2/2 + z - 14. What is p(f)?
0
Let m(p) = p + 1. Let n(b) = 10*b + 3. Let q(t) = 6*m(t) - n(t). Give q(-3).
15
Let p(d) = -7*d**3 + d**2 - 6 + 6*d**3 + 5*d + 4. What is p(3)?
-5
Let b(h) = -h**3 + 3*h**2 - 2*h. Suppose 2*l - 3 = -w + 1, w - 5*l + 3 = 0. Let p = w - 2. Let f be p*3/9 + 2. What is b(f)?
0
Let r = 150/13 + -183/26. Let c(q) be the second derivative of -1/3*q**3 + 2*q - r*q**2 + 0. Determine c(-6).
3
Let o(v) be the second derivative of v**4/12 - 3*v**3/2 + v**2/2 + 11*v. Determine o(7).
-13
Let f(k) = -3*k - 2. Let s(p) be the first derivative of 3*p**2 + 3*p + 2. Let d be 34/3 - (-2)/(-6). Let c(n) = d*f(n) + 6*s(n). Calculate c(3).
5
Let a(t) = 3*t - 2. Let g(z) = -3*z + 2. Let o(y) = 3*a(y) + 2*g(y). Let r be (-12)/8*8/(-6). Determine o(r).
4
Let s be 2*(-6)/(-4)*6/(-18). Let x(r) = 9*r**2 + r + 1. Let k(j) = 37*j**2 + 4*j + 4. Let c(t) = -2*k(t) + 9*x(t). Give c(s).
7
Let s(a) = -4*a**2 - 5*a + 9. Let u(l) = -5*l**2 - 5*l + 10. Let g(m) = 2*m + 3. Let d be g(-4). Let z(y) = d*u(y) + 6*s(y). Calculate z(4).
0
Let n(p) = 3*p + 3. Let w be n(-3). Let l(s) = s + 2. Calculate l(w).
-4
Let a(g) be the third derivative of g**5/10 - g**3/6 - 5*g**2. Let k be 0 + 1*1*4. Let z = -3 + k. Calculate a(z).
5
Let i = -7 - -3. Let f = i - -8. Let a(n) = -f*n + n + 2*n + n**3 - n**2 - 1. Give a(2).
1
Let s = -16 - -23. Suppose -4*r - 2*g - s = g, 4*r + 1 = -5*g. Let m(y) = 0*y - 2*y + 6*y - 3*y**2 - y**3 - 5. Give m(r).
-5
Suppose -s + 3*p = 7, 3*s - 2*p - 3 = 4. Let t(x) = x**2 - 5*x + 4. Calculate t(s).
4
Suppose b = 5*b + 16. Let s be (2/b)/(3/24). Let w(i) = -i**3 - 4*i**2. What is w(s)?
0
Let t(u) = 8*u**2 + 2*u - 1. Let y = 21 + -20. Calculate t(y).
9
Let d(a) be the third derivative of a**4/24 + 11*a**3/6 - 10*a**2. Give d(0).
11
Let l(r) = -r**3 - 4*r**2 + 5*r - 2. Let g be l(-5). Let n(t) = -t**3 - 7*t**2 - 8*t - 5. Let b be n(-7). Let m(z) = -b + 51 - 2*z**2. Give m(g).
-8
Let w(s) = -9*s**2 + s. Let z(j) = -46*j**2 + 5*j. Let b(r) = 11*w(r) - 2*z(r). Give b(1).
-6
Let x(g) = 4*g + 9. Suppose 4*h = 3*h - 6. Determine x(h).
-15
Let s(x) = -2*x**2 + 8*x + 6. Let w(j) = -j**2 + 4*j + 3. Let l(g) = 6*s(g) - 11*w(g). Let v = 8 - 4. Determine l(v).
3
Let l(g) = -4*g - 1. Let v(j) = -3*j - 1. Let n(i) = 4*l(i) - 5*v(i). Give n(4).
-3
Let h(p) = -p - 1. Let y(n) = n + 1. Let a(j) = 11*h(j) + 6*y(j). Let s(u) = 6*u + 5. Let m(r) = -7*a(r) - 6*s(r). Determine m(7).
-2
Let u(o) = -o**2 + 11*o + 15. Let r be u(12). Let n(t) = 8*t + 3. Let y(l) = -l. Let c(a) = r*y(a) + n(a). What is c(-3)?
-12
Let p be (-19)/(-5) - (-1)/5. Let b be (6/p)/(6/(-12)). Let v(l) = -l + 3. Give v(b).
6
Let b(n) = n**2 - 3*n + 1. Let q = -5 - -10. Suppose -q*m - 12 = -m. Let u = 0 - m. What is b(u)?
1
Let d(m) be the third derivative of m**4/6 + m**3/3 + 3*m**2. What is d(-4)?
-14
Let s(a) be the second derivative of -a**5/120 - a**4/8 + a**3/3 - 4*a. Let t(q) be the second derivative of s(q). Determine t(-2).
-1
Let l be (-1 + 2)*(-5 + 0). Let r(a) = -a**2 + 2*a - 2. Let h be r(3). Let y = l - h. Let q(d) = d**2 + 6. Determine q(y).
6
Let o(w) = -2*w**2 - 14 + 9 + 6. Let t = 2 + -3. What is o(t)?
-1
Let p(c) = c**2 + 3*c - 45. Let d be p(5). Let n(t) be the first derivative of -t**2/2 + 2*t - 1. Give n(d).
7
Let q(p) = 3*p. Let v(h) = 8*h. Let w(r) = -11*q(r) + 4*v(r). Suppose 3*n - 3*s - 33 = 0, -5*s - 33 = -2*n - 5. Let b = n - 6. What is w(b)?
-3
Let s be 2/((-16)/(-4)) - (-36)/8. Let c(p) = -3*p**2 + 5*p + 2. Let i(x) = -13*x**2 + 21*x + 8. Let d(m) = 9*c(m) - 2*i(m). Calculate d(s).
-8
Let a(w) = w + 1. Let g(y) = -6*y. Let l(b) = -5*a(b) - g(b). Suppose -12 = -t - 12. Give l(t).
-5
Let n(u) = -u**3 - u**2 - u - 18. Let z be n(0). Let m = z - -13. Let p(f) be the third derivative of f**6/120 + f**5/12 + f**3/3 + 57*f**2. Determine p(m).
2
Let f(y) = 4*y**2 + y + 1. Let b be f(-1). Let l(o) = -2*o + o**3 + b*o**2 - 3*o - 5 - 3*o. Let q(s) = -s**2 - 1. Let u be q(-2). What is l(u)?
10
Let i(q) = -4*q**3 - 3*q + 4. Suppose -2*g + 2*b = -2, -3*g + 0*b + 13 = -5*b. Let w(l) = -13*l**3 - 8*l + 11. Let c(o) = g*w(o) + 11*i(o). Calculate c(-1).
-7
Let z = 0 + 0. Let h(m) = m**3 + m + 3. What is h(z)?
3
Let c(n) be the second derivative of -3*n**3/2 - n**2 - 2*n - 30. What is c(-3)?
25
Suppose 2*w - 5 = -3*a + 5, 5*w = -2*a + 14. Suppose a*v - 1 = -3*m - 13, 0 = -2*m. Let x = 2 + v. Let b(f) = f**3 + 3*f**2 - 3*f + 3. Give b(x).
-1
Let r(k) = 9 - k**2 - 2 + 19*k - 13*k. Determine r(7).
0
Let c(k) = 2*k**2 - k**2 + 2*k + 2 + 10*k - 5*k. Let i = -7 + 1. Give c(i).
-4
Let b(p) = -p**2 - 2*p + 6. Let v